ided by 11?
10
Suppose -15*t = -1706 - 13234. Calculate the remainder when t is divided by 37.
34
Suppose 14 = 2*f - 26. Let x = -15 + f. What is the remainder when 20 is divided by x?
0
Let f be (-1714)/18 + (-104)/18 + 6. Let l be 12/(-15) + f/(-25). Suppose -6*x = 5*s - l*x - 13, 0 = -x - 4. What is the remainder when 23 is divided by s?
3
Suppose 0 = -3*b - 2*r, -3*b - 3 + 0 = 3*r. Suppose 6*d = -3*x + 3*d + 87, -b*x = -4*d - 34. Calculate the remainder when 49 is divided by x.
24
Let u(m) = -m - 4. Suppose 6*l = -40 + 16. Let n be u(l). What is the remainder when 89 is divided by -10 + 33 - (n + 0)?
20
Let f be 31 + ((-30)/6 - -6). Suppose -n - 5*z = -2*z - 4, 0 = 4*n + 4*z - f. Calculate the remainder when n is divided by 9.
1
Let u(h) = -136*h + 890. What is the remainder when 538 is divided by u(6)?
20
Suppose v = -v. Let c(w) = 5*w**2 + 2*w - 1. Let y be c(1). Let f = v + y. Calculate the remainder when f is divided by 4.
2
Let h(d) = -d + 9. Let t(n) = n**3 + 7*n**2 + 3*n - 12. Let k be t(-6). What is the remainder when 4*-3*k/(-8) is divided by h(5)?
1
Let i be (-18 + 16)/((-2)/(-647)). Let w = -611 - i. Calculate the remainder when 141 is divided by w.
33
Let k = -3 - -11. Let t(n) = -n**2 - 3. Let o(w) = -5*w**2 + 22*w - 102. Let l(v) = -o(v) + 3*t(v). Calculate the remainder when l(8) is divided by k.
5
Suppose -3*d - 49 = -4*y, 2*y = 2*d + 7*y + 48. Let q = 37 + d. Let j = 9944 - 9938. What is the remainder when q is divided by j?
0
Suppose 2*c - 28 = -0*c. Suppose 0 = -19*d + 8*d + 44. Suppose s + f + 18 = 6*s, -2*s + 2*f = -d. Calculate the remainder when c is divided by s.
2
Let i = -6227 - -10495. Calculate the remainder when i is divided by 15.
8
Suppose 0 = h + 7*c - 4*c - 312, 2*h - 628 = -2*c. What is the remainder when h is divided by 28?
7
Calculate the remainder when (-2042)/(66/14 - (-6 - (15 + -26))) is divided by 1786.
3
Suppose -l = -183 + 186, 3*q - 558 = -5*l. What is the remainder when 607 is divided by q?
34
Let d(p) = p**2 + p. Let w be d(-3). Suppose -q - 17 + w = -2*g, 3*q + 8 = g. What is the remainder when 76 is divided by (-38)/(-3) - (-7)/(-21)*q?
11
Let y(g) = -3*g**3 - 26*g**2 + 7*g - 5. Let b be y(-9). Suppose b = -m + 132. Calculate the remainder when m is divided by 11.
9
What is the remainder when (1/((-30)/(-36)))/(1/635) is divided by 64?
58
Let y be 50 - (-1 + (1 - 4)). Suppose 5*z + 64 = y. Calculate the remainder when z*2/(-4) - -40 is divided by 21.
20
Suppose g - 2*t - 146 = 179, -2*g + 677 = 5*t. Let j = 366 - g. What is the remainder when j is divided by 14?
7
Let b(n) = -139*n - 2079. What is the remainder when b(-15) is divided by 4/5*(-30)/(-4)?
0
Calculate the remainder when 894 is divided by (-1 + -7 + 24/4)*(-8 - 0).
14
Let u be (10 + -5 + -6)*-4. Suppose u*x - 33 = 3. What is the remainder when 30 is divided by x?
3
Let t = -1188 - -1196. What is the remainder when 147 is divided by t?
3
Let q(w) = -w**2 - 9*w - 4. Suppose 3*s = 2*l + 7, 0 = -3*l + 3*s + 4 - 7. Calculate the remainder when l/(-5) + -4*157/(-10) is divided by q(-4).
14
Let v = -4844 - -5070. What is the remainder when 451 is divided by v?
225
Let z(u) = -u**3 + 4*u**2 + 3*u + 181. Let l be z(0). Let h = 53 + l. What is the remainder when h is divided by 59?
57
Suppose -3*n = -9, 0 = -2*u + 3*n + 19. Suppose -5*k = a - 90, -a + 2*k - 188 = -3*a. What is the remainder when a is divided by u?
11
Suppose -10*c - 18*c - 336 = 0. What is the remainder when 2/(((-34)/c)/17) is divided by (-5 - -2) + (-12)/(-2)?
0
Suppose 2219 = 33*l - 322. Calculate the remainder when 248 is divided by l.
17
Suppose -2*y + m + 43 = 0, -5*y - m = -21 - 76. What is the remainder when y is divided by (4/6)/(1/6)?
0
Let n = -4134 + 4136. Suppose 3*h = 2*k + 7, 0*k + 9 = k + h. Suppose -n*r + v + 30 = 3*v, -65 = -k*r + v. Calculate the remainder when r is divided by 6.
4
What is the remainder when 491 is divided by (396 - -28)*2/8?
67
Suppose -4*i - b - 106 = 0, 0*b = -2*b + 4. Let q = i - -40. Calculate the remainder when -5 - ((-4)/(-12) - 744/18) is divided by q.
10
Let m = -74 + 77. Suppose 8*y = m*w + 5*y + 6, 0 = -y + 4. Suppose 43 = w*s + 1. Calculate the remainder when 60 is divided by s.
18
Suppose 0*k + 396 = 11*k. Suppose -5*c - k = 3*h - 5*h, -2*h = 4*c. Calculate the remainder when 18 is divided by h.
2
Let x(y) = -y**2 + 29*y - 40. Let l = 261 - 234. Calculate the remainder when 18 is divided by x(l).
4
Let p(i) be the second derivative of i**5/10 + 31*i**4/12 - 5*i**3/2 + 19*i**2 + 7*i. Calculate the remainder when 0 - (-168)/(4 + 0) is divided by p(-16).
20
Let r = 9419 + -8302. Calculate the remainder when r is divided by 126.
109
What is the remainder when 1527 is divided by 12*(-4)/(-6) - (483/23 - 112)?
42
Let w(n) be the first derivative of 2*n**3/3 + 3*n**2 + 38*n - 50. Calculate the remainder when w(7) is divided by 47.
37
Suppose 0 = 23*q - 19*q - 68. Suppose 0 = 7*i - q*i + 430. What is the remainder when i is divided by 16?
11
Let y(x) be the third derivative of x**5/30 + x**4/4 - 4*x**3 - 4*x**2 - x. What is the remainder when y(8) is divided by 39?
35
Let a be (-26)/((-162)/39 + 4). Let q = -276 + a. Let l = -40 - q. What is the remainder when l is divided by 17?
16
Let r be (4 + -2)/((-1)/(-12)). Let n = 26 - r. Suppose -6*z + n*z + 56 = -4*y, -5*y = z - 14. Calculate the remainder when 55 is divided by z.
13
Suppose 9*g + 8*l - 3*l = 1209, -l - 256 = -2*g. Calculate the remainder when g is divided by 56.
19
Suppose 469 = -3*b + 487. Suppose -5*z + 65 = -10. Suppose -2*q = -z - 41. Calculate the remainder when q is divided by b.
4
Let t(d) = -d**2 - 66*d - 846. Calculate the remainder when 1950 is divided by t(-22).
120
Let j(c) = 3*c**2 - 30*c + 18. Let w be j(11). Calculate the remainder when (-1 + 3 + w)/((-11)/(-22)) is divided by 22.
18
Let t = 6944 - 6772. Suppose 2*j = 0, 174 = 3*l - 0*l + 5*j. What is the remainder when t is divided by l?
56
Let t = -362 + 361. What is the remainder when (-366)/18*(t + 44/(-4)) is divided by 83?
78
Suppose 5*h - 42*d = -38*d + 393, 8*d - 267 = -3*h. What is the remainder when h is divided by 31?
19
Suppose 31 = -2*r + 103. Suppose 0 = -3*s + 33, 92*n - 93*n + 14 = -5*s. What is the remainder when n is divided by r?
33
Suppose 0 = -4*a - 14*a + 1818. Suppose 0 = 95*g - a*g + 300. What is the remainder when g is divided by 27?
23
Let p = 51 + -31. Let w = 22 - p. Suppose -5*r = 3*d - 118, -w*r + 0*d = -d - 45. Calculate the remainder when 63 is divided by r.
17
Let v = -2989 - -3039. Calculate the remainder when 5099 is divided by v.
49
Let h(c) = -c**3 - c**2 - 3*c - 4. Let t be h(-2). Suppose 0 = -j + 2, 3*g - 9 = -3*j + t. Calculate the remainder when 86 is divided by (22/g)/((-9)/(-27)).
20
What is the remainder when (0 - 3)*1 - (-61)/((-1159)/(-10260)) is divided by 64?
25
Let y = -1224 - -1743. Suppose 0 = 4*f - 8*c + 5*c - y, 6 = 2*c. What is the remainder when f is divided by 57?
18
What is the remainder when 947 is divided by -1*(-17 + 4 + 1)?
11
Let g(q) = q**2 - 12*q - 5. Suppose -2*c + 13 = a, c = 5*c + 4*a - 16. Let o(y) = y**2 - 10*y + 19. What is the remainder when g(16) is divided by o(c)?
9
Suppose 467 = -2*x + 3*x. What is the remainder when x is divided by 58 + -3*(-242)/(-66)?
44
Let z be 0/(-2) + (-1206)/(6 + -15). Let s = 182 - z. Calculate the remainder when 142 is divided by s.
46
Let g = -147 + 218. Suppose -36*c + 32*c - 40 = 0. Calculate the remainder when g is divided by (-354)/(-15) + c/(-25).
23
Suppose 2575 = 7*g + 1016 - 1339. Calculate the remainder when g is divided by 203.
8
What is the remainder when 672 is divided by ((-5)/(-105))/(16/(-720))*-7?
12
Calculate the remainder when (9/(-3))/(11 + 9816/(-892)) is divided by 645.
24
Let i(v) = 3*v**2 + 45*v. Let p be i(-18). Let o = 579 - p. What is the remainder when o is divided by 11?
10
Suppose -17*v = -16*v - 589. Suppose 5*t = -j + v, -t + 121 = -3*j - 0*j. Calculate the remainder when t is divided by 9.
1
What is the remainder when 78/(-546) + -9*(-382)/7 + -1 is divided by 8?
2
Let v = 703 - 629. Suppose -24*b + v = -454. What is the remainder when 23 is divided by b?
1
Suppose -3*q + 185 = 2*s, -5*s - 24*q + 25*q = -471. Calculate the remainder when s is divided by 50.
44
Let i(k) =